3*u + 47. Give z(3).
479
Let m(v) = 2*v**3 - 760*v**2 + 39*v - 14662. Calculate m(380).
158
Let k(v) = -2*v**2 - 167*v + 952. Calculate k(-83).
1035
Let l(f) = -9*f**2 - 42*f + 757. Calculate l(15).
-1898
Let c(q) = 4*q**2 + 42*q - 309. Determine c(-20).
451
Let r(d) = 2*d**2 + 211*d - 4197. Calculate r(-120).
-717
Let j(b) = -b**3 + 3*b**2 + 38443*b - 115334. Calculate j(3).
-5
Let u(b) = 136592*b + 2731847. What is u(-20)?
7
Let d(c) = 5592*c**2 - 16815*c + 4. Determine d(3).
-113
Let s(o) = o**2 + 2330*o - 226034. Give s(93).
-695
Let a(o) = -99*o**3 - 365*o + 740. What is a(2)?
-782
Let s(v) = 8*v**2 - 91*v - 62. Calculate s(15).
373
Let b(v) = 1186*v - 9729. Determine b(8).
-241
Let l(p) = -p**3 + 12*p**2 + 1154*p - 10635. Calculate l(9).
-6
Let a(d) = -2*d**2 - 269*d - 5833. Give a(-110).
-443
Let l(u) = 29928*u - 89768. Determine l(3).
16
Let q(r) = -32206*r + 1191591. Give q(37).
-31
Let o(y) = 2696*y - 173148. Determine o(64).
-604
Let q(y) = -y**2 - 1104*y + 76231. What is q(65)?
246
Let t(k) = -11*k**2 + 189*k - 327. Give t(2).
7
Let m(z) = -179*z - 1826. Give m(-4).
-1110
Let l(x) = -6*x**3 + x**2 + 766*x + 2293. Calculate l(-3).
166
Let h(b) = -6218*b - 24603. What is h(-4)?
269
Let y(w) = -75639*w + 453831. Calculate y(6).
-3
Let x(k) = k**3 + 1448*k**2 + 221679*k + 3825. What is x(-1274)?
3
Let n(p) = -p**2 - 7*p + 2803. Determine n(-58).
-155
Let p(l) = -3809*l**2 + 2*l - 2147. Determine p(0).
-2147
Let l(a) = -2*a**3 + 90*a**2 - 867*a + 260. Determine l(13).
-195
Let f(v) = -10*v**2 - 49*v - 293. Give f(-6).
-359
Let q(u) = 140*u**2 - 549*u - 8348. Determine q(-6).
-14
Let p(m) = m**2 - 74776*m - 1795207. Calculate p(-24).
-7
Let k(r) = -23*r**2 - 90*r + 199. Calculate k(-7).
-298
Let s(u) = 6*u**2 - 1438*u - 4051. Calculate s(243).
809
Let d(z) = -51*z**2 - 2510*z - 542. What is d(-49)?
-3
Let g(u) = -u**3 + 6*u**2 - 263*u + 2972. Calculate g(9).
362
Let x(c) = -c**2 + 303*c - 16301. Give x(233).
9
Let o(f) = -469*f + 83449. What is o(178)?
-33
Let n(x) = -x**3 - 24*x**2 + 249*x - 382. Determine n(6).
32
Let w(z) = 79*z**2 + 252*z + 53. Determine w(-3).
8
Let a(p) = 2*p**3 - 35*p**2 + 214*p - 3106. What is a(17)?
243
Let m(l) = -35*l**2 - 1162*l + 47. Determine m(-33).
278
Let y(l) = -5*l**3 - 47*l**2 + 29*l + 190. Give y(-6).
-596
Let k(p) = -p**3 - 15*p**2 + 5*p - 456. Give k(-14).
-722
Let q(v) = v**3 - 92*v**2 - 189*v + 235. Determine q(94).
141
Let s(w) = -725*w - 28992. Determine s(-40).
8
Let k(i) = 15*i**2 - 71*i - 382. Calculate k(8).
10
Let g(l) = -13*l**3 - 91*l**2 + 21*l + 102. Determine g(-4).
-606
Let h(n) = 2800*n + 13875. What is h(-5)?
-125
Let c(t) = 24217*t + 5836302. What is c(-241)?
5
Let c(q) = 4121*q - 671710. Determine c(163).
13
Let s(g) = -g**2 + 296*g + 911. Determine s(-3).
14
Let u(x) = -599*x - 1010. Give u(-5).
1985
Let u(j) = -j**2 + 4039*j + 473392. Calculate u(-114).
-50
Let r(d) = 68110*d - 2179550. Give r(32).
-30
Let l(o) = 37*o**2 - 85*o - 20. What is l(3)?
58
Let n(w) = 33679*w - 774622. Give n(23).
-5
Let v(t) = -t**2 - 10100*t + 91004. Give v(9).
23
Let w(i) = -4*i + 277. Determine w(160).
-363
Let i(s) = 2*s**3 - 7*s**2 + 114*s - 690. Determine i(6).
174
Let d(y) = y**3 + 361*y**2 + 1424*y + 4. What is d(-4)?
20
Let j(r) = -r**2 - 35*r + 2459. Determine j(-65).
509
Let f(c) = -1750*c + 17568. Calculate f(10).
68
Let d(l) = -23*l + 5217. Give d(202).
571
Let j(w) = 2*w**3 - 51*w**2 + 377*w - 10476. Determine j(26).
2
Let m(a) = 655*a - 1. What is m(0)?
-1
Let z(p) = 14922*p + 11758551. Calculate z(-788).
15
Let z(m) = 264*m - 54728. Give z(207).
-80
Let b(u) = 168*u**2 - 125833*u + 686. What is b(749)?
-63
Let i(f) = 65654*f + 1182047. Calculate i(-18).
275
Let k(o) = -192*o - 4092. Determine k(-15).
-1212
Let w(p) = 21761*p + 4156348. What is w(-191)?
-3
Let p(j) = -465*j**2 + 345056*j - 19294. Determine p(742).
-2
Let g(y) = -9*y**3 - 152*y**2 + 46*y + 329. What is g(-16)?
-2455
Let b(w) = -2148*w + 14866. Calculate b(7).
-170
Let k(b) = -48*b**2 + 2*b + 38. Calculate k(-1).
-12
Let t(k) = 12*k**2 + 487*k - 245. Determine t(-41).
-40
Let k(o) = 2*o**3 - 76*o**2 - 374*o + 14092. Give k(38).
-120
Let l(p) = 4*p**2 - 464*p + 3848. Calculate l(9).
-4
Let y(o) = -7880*o + 47282. Calculate y(6).
2
Let s(q) = -9680*q - 667923. Determine s(-69).
-3
Let a(v) = 8*v**3 + 96*v**2 - 233*v - 103. What is a(-14)?
23
Let x(q) = -7472*q + 22576. Give x(3).
160
Let r(s) = -59*s**2 + 149*s + 788. What is r(-4)?
-752
Let q(y) = -153710*y - 768524. What is q(-5)?
26
Let q(p) = -6*p**3 + 3001*p**2 + 14658*p - 6529. What is q(505)?
36
Let l(j) = -6868*j - 467044. Calculate l(-68).
-20
Let l(h) = h**2 - 2108*h - 116661. What is l(-54)?
87
Let k(r) = -34153*r - 341534. What is k(-10)?
-4
Let i(u) = u**3 - 15*u**2 + 703*u - 11510. Determine i(16).
-6
Let o(r) = r**2 + 3*r - 11044. Determine o(104).
84
Let c(z) = 3*z**2 + 93*z - 28403. What is c(-114)?
-17
Let r(h) = 51*h**2 - 32838*h - 65694. Give r(-2).
186
Let p(o) = -o**3 + 494*o**2 - 894*o - 44279. Determine p(492).
1
Let j(y) = y**3 + 252*y**2 - 247*y + 1452. Calculate j(-253).
-66
Let b(z) = -z**3 + 53*z**2 + 8308*z - 7590. Calculate b(-69).
0
Let n(k) = -k**3 + 54*k**2 - 644*k - 68. Determine n(31).
2071
Let q(n) = -449*n + 161524. Calculate q(363).
-1463
Let g(f) = 4*f**2 + 43866*f + 306850. Determine g(-7).
-16
Let r(z) = -2*z**2 - 1271*z + 15435. Determine r(12).
-105
Let q(m) = m**3 + 20*m**2 + 2*m - 953. Give q(-18).
-341
Let j(v) = 456*v - 40364. Calculate j(89).
220
Let p(k) = -k**3 + 65*k**2 + 166*k - 2140. Determine p(67).
4
Let m(z) = -6*z**2 + 42353*z + 42351. What is m(-1)?
-8
Let n(j) = -1023803*j - 4095245. Determine n(-4).
-33
Let f(k) = -48*k**2 + 1575*k + 373. What is f(33)?
76
Let v(t) = -2*t**3 - 88*t**2 - 256*t - 501. Calculate v(-41).
-91
Let l(g) = 2*g**3 - 1242*g**2 + 12205*g + 155. Calculate l(10).
5
Let p(f) = 2*f**3 + 91*f**2 + 975*f + 1357. Calculate p(-30).
7
Let o(r) = r**3 + 13*r**2 + 1410*r + 13798. Calculate o(-10).
-2
Let r(u) = -u**2 - 32*u + 575. What is r(-43)?
102
Let l(b) = 2*b**3 + 440*b**2 + 9381*b - 5300. Give l(-196).
-8
Let f(k) = k**3 + 63*k**2 - 5519*k - 3472. Determine f(-112).
0
Let v(c) = c**2 - 175*c + 6425. What is v(121)?
-109
Let u(t) = 2*t**3 - 441*t**2 - 652*t - 3110. Determine u(222).
-2
Let r(i) = i**3 - 97*i**2 - 5656*i + 72. Give r(-41).
-10
Let t(o) = -o**2 + 3158*o - 499448. Calculate t(167).
49
Let w(h) = -228*h - 12936. Calculate w(-50).
-1536
Let f(l) = 47576*l + 666079. Calculate f(-14).
15
Let x(p) = -7281*p - 115991. What is x(-16)?
505
Let q(y) = -y**2 + 257*y + 34424. What is q(-98)?
-366
Let k(x) = 6871*x - 48851. Calculate k(7).
-754
Let a(m) = 29*m**2 + 526*m - 5634. Give a(11).
3661
Let w(z) = 8*z**2 + 9199*z - 139816. Calculate w(15).
-31
Let m(i) = -i**3 - i**2 + 43*i + 308. Give m(-6).
230
Let q(u) = -6*u**2 - 172*u - 22. Give q(-6).
794
Let h(u) = 6680*u + 140287. Determine h(-21).
7
Let h(a) = -79619*a - 79151. Calculate h(-1).
468
Let p(o) = 21123*o + 84958. Give p(-4).
466
Let k(v) = -42*v**2 - 28221*v - 169355. What is k(-6)?
-1541
Let j(w) = 1398*w**2 + 30758*w + 32. Give j(-22).
-12
Let d(y) = 61*y**2 + 28649*y + 28649. What is d(-1)?
61
Let i(m) = m**2 + 53*m - 2816. What is i(-87)?
142
Let c(o) = -1105*o**2 + 4253*o + 7. Give c(4).
-661
Let y(w) = -w**3 - 210*w**2 + 407*w - 3665. Calculate y(-212).
-61
Let w(q) = 5*q**2 + 123*q + 1353. Determine w(-14).
611
Let c(q) = 88*q**3 - 30003*q**2 - 1707*q + 681. Calculate c(341).
-1
Let m(s) = -s**3 - 314*s**2 - 1215*s - 65. Calculate m(-4).
-165
Let t(n) = n**2 - 1122*n - 161323. Calculate t(-129).
56
Let p(o) = 31*o**2 - 15053*o - 6292. Determine p(486).
26
Let q(o) = -94*o**2 + 8585*o - 2834. What is q(91)?
-13
Let q(l) = 3*l**3 + 81*l**2 - 172*l + 308. Determine q(-29).
250
Let m(x) = 3304*x + 59461. What is m(-18)?
-11
Let b(l) = -12*l**2 + 8074*l + 48881. Calculate b(-6).
5
Let f(k) = -24851*k + 670984. Give f(27).
7
Let m(b) = -b**3 + 35*b**2 - 157*b + 1053. What is m(32)?
-899
Let x(z) = -73*z + 132. Calculate x(13).
-817
Let j(w) = -2*w**2 - 32*w + 1411064. What is j(-848)?
-8
Let y(l) = -15*l**2 + 68*l - 392. Calculate y(7).
-651
Let x(n) = -27*n**2 + 4754*n + 24443. Give x(-5).
-2
Let p(u) = u**2 - 517*u - 42949